{"id":412,"date":"2026-01-27T04:04:10","date_gmt":"2026-01-27T01:04:10","guid":{"rendered":"https:\/\/www.bsrsavunma.com.tr\/?page_id=412"},"modified":"2026-01-27T04:06:04","modified_gmt":"2026-01-27T01:06:04","slug":"calistigimiz-kurumlar","status":"publish","type":"page","link":"https:\/\/www.bsrsavunma.com.tr\/?page_id=412","title":{"rendered":"\u00c7al\u0131\u015ft\u0131\u011f\u0131m\u0131z Kurumlar"},"content":{"rendered":"\n  <div class=\"banner has-hover\" id=\"banner-922499784\">\n          <div class=\"banner-inner fill\">\n        <div class=\"banner-bg fill\" >\n            <img loading=\"lazy\" decoding=\"async\" width=\"1920\" height=\"960\" src=\"https:\/\/www.bsrsavunma.com.tr\/wp-content\/uploads\/2026\/01\/bgs.jpg\" class=\"bg attachment-original size-original\" alt=\"\" \/>                                    \n                    <\/div>\n\t\t\n        <div class=\"banner-layers container\">\n            <div class=\"fill banner-link\"><\/div>            \n   <div id=\"text-box-509245473\" class=\"text-box banner-layer x50 md-x50 lg-x50 y50 md-y50 lg-y50 res-text\">\n                                <div class=\"text-box-content text dark\">\n              \n              <div class=\"text-inner text-center\">\n                  \n              <\/div>\n           <\/div>\n                            \n<style>\n#text-box-509245473 {\n  width: 60%;\n}\n#text-box-509245473 .text-box-content {\n  font-size: 100%;\n}\n@media (min-width:550px) {\n  #text-box-509245473 {\n    width: 60%;\n  }\n}\n<\/style>\n    <\/div>\n \n        <\/div>\n      <\/div>\n\n            \n<style>\n#banner-922499784 {\n  padding-top: 149px;\n}\n<\/style>\n  <\/div>\n\n\n  <div id=\"page-header-1598054276\" class=\"page-header-wrapper\">\n  <div class=\"page-title dark featured-title\">\n\n        <div class=\"page-title-bg\">\n      <div class=\"title-bg fill bg-fill\"\n        data-parallax-container=\".page-title\"\n        data-parallax-background\n        data-parallax=\"-\">\n      <\/div>\n      <div class=\"title-overlay fill\"><\/div>\n    <\/div>\n    \n    <div class=\"page-title-inner container align-center flex-row medium-flex-wrap\" >\n              <div class=\"title-wrapper flex-col text-left medium-text-center\">\n          <h1 class=\"entry-title mb-0\">\n            \u00c7al\u0131\u015ft\u0131\u011f\u0131m\u0131z Kurumlar          <\/h1>\n        <\/div>\n                    <div class=\"title-content flex-col flex-right text-right medium-text-center\">\n        <div class=\"title-breadcrumbs pb-half pt-half\"><nav class=\"woocommerce-breadcrumb breadcrumbs uppercase\" aria-label=\"Breadcrumb\">Ana Sayfa<\/nav><\/div>      <\/div>\n    <\/div>\n\n     \n<style>\n#page-header-1598054276 .title-bg {\n  background-image: url(https:\/\/www.bsrsavunma.com.tr\/wp-content\/uploads\/2016\/08\/dummy-1.jpg);\n}\n#page-header-1598054276 .title-overlay {\n  background-color: rgba(0, 0, 0, 0.977);\n}\n#page-header-1598054276 .featured-title {\n  background-color: rgb(0,0,0);\n}\n<\/style>\n  <\/div>\n    <\/div>\n  \n<div class=\"row align-equal\"  id=\"row-2046070490\">\n\n\t<div id=\"col-1519502122\" class=\"col small-12 large-12\"  >\n\t\t\t\t<div class=\"col-inner\"  >\n\t\t\t\n\t\t\t\n\n  \n    <div class=\"row large-columns-4 medium-columns-2 small-columns-2\" >\n  <div class=\"gallery-col col\" >\n          <div class=\"col-inner\">\n                        <div class=\"box has-hover gallery-box box-none\">\n              <div class=\"box-image\" style=\"width:64%;\">\n                <img loading=\"lazy\" decoding=\"async\" width=\"280\" height=\"280\" src=\"https:\/\/www.bsrsavunma.com.tr\/wp-content\/uploads\/2026\/01\/logo-002.png\" class=\"attachment-medium size-medium\" alt=\"\" ids=\"380,381,379,382\" style=\"none\" lightbox=\"false\" columns__sm=\"2\" columns__md=\"2\" image_width=\"64\" srcset=\"https:\/\/www.bsrsavunma.com.tr\/wp-content\/uploads\/2026\/01\/logo-002.png 280w, https:\/\/www.bsrsavunma.com.tr\/wp-content\/uploads\/2026\/01\/logo-002-100x100.png 100w\" sizes=\"auto, (max-width: 280px) 100vw, 280px\" \/>                                                              <\/div>\n              <div class=\"box-text text-left\" >\n                 <p><\/p>\n              <\/div>\n            <\/div>\n                      <\/div>\n         <\/div><div class=\"gallery-col col\" >\n          <div class=\"col-inner\">\n                        <div class=\"box has-hover gallery-box box-none\">\n              <div class=\"box-image\" style=\"width:64%;\">\n                <img loading=\"lazy\" decoding=\"async\" width=\"280\" height=\"280\" src=\"https:\/\/www.bsrsavunma.com.tr\/wp-content\/uploads\/2026\/01\/logo-003.png\" class=\"attachment-medium size-medium\" alt=\"\" ids=\"380,381,379,382\" style=\"none\" lightbox=\"false\" columns__sm=\"2\" columns__md=\"2\" image_width=\"64\" srcset=\"https:\/\/www.bsrsavunma.com.tr\/wp-content\/uploads\/2026\/01\/logo-003.png 280w, https:\/\/www.bsrsavunma.com.tr\/wp-content\/uploads\/2026\/01\/logo-003-100x100.png 100w\" sizes=\"auto, (max-width: 280px) 100vw, 280px\" \/>                                                              <\/div>\n              <div class=\"box-text text-left\" >\n                 <p><\/p>\n              <\/div>\n            <\/div>\n                      <\/div>\n         <\/div><div class=\"gallery-col col\" >\n          <div class=\"col-inner\">\n                        <div class=\"box has-hover gallery-box box-none\">\n              <div class=\"box-image\" style=\"width:64%;\">\n                <img loading=\"lazy\" decoding=\"async\" width=\"280\" height=\"280\" src=\"https:\/\/www.bsrsavunma.com.tr\/wp-content\/uploads\/2026\/01\/logo-001.png\" class=\"attachment-medium size-medium\" alt=\"\" ids=\"380,381,379,382\" style=\"none\" lightbox=\"false\" columns__sm=\"2\" columns__md=\"2\" image_width=\"64\" srcset=\"https:\/\/www.bsrsavunma.com.tr\/wp-content\/uploads\/2026\/01\/logo-001.png 280w, https:\/\/www.bsrsavunma.com.tr\/wp-content\/uploads\/2026\/01\/logo-001-100x100.png 100w\" sizes=\"auto, (max-width: 280px) 100vw, 280px\" \/>                                                              <\/div>\n              <div class=\"box-text text-left\" >\n                 <p><\/p>\n              <\/div>\n            <\/div>\n                      <\/div>\n         <\/div><div class=\"gallery-col col\" >\n          <div class=\"col-inner\">\n                        <div class=\"box has-hover gallery-box box-none\">\n              <div class=\"box-image\" style=\"width:64%;\">\n                <img loading=\"lazy\" decoding=\"async\" width=\"280\" height=\"280\" src=\"https:\/\/www.bsrsavunma.com.tr\/wp-content\/uploads\/2026\/01\/logo-004.png\" class=\"attachment-medium size-medium\" alt=\"\" ids=\"380,381,379,382\" style=\"none\" lightbox=\"false\" columns__sm=\"2\" columns__md=\"2\" image_width=\"64\" srcset=\"https:\/\/www.bsrsavunma.com.tr\/wp-content\/uploads\/2026\/01\/logo-004.png 280w, https:\/\/www.bsrsavunma.com.tr\/wp-content\/uploads\/2026\/01\/logo-004-100x100.png 100w\" sizes=\"auto, (max-width: 280px) 100vw, 280px\" \/>                                                              <\/div>\n              <div class=\"box-text text-left\" >\n                 <p><\/p>\n              <\/div>\n            <\/div>\n                      <\/div>\n         <\/div><\/div>\n\t\t<\/div>\n\t\t\t\t\n<style>\n#col-1519502122 > .col-inner {\n  margin: 0px 0px -30px 0px;\n}\n<\/style>\n\t<\/div>\n\n\t\n\n<style>\n#row-2046070490 > .col > .col-inner {\n  padding: 25px 25px 25px 25px;\n}\n<\/style>\n<\/div>\n","protected":false},"excerpt":{"rendered":"","protected":false},"author":1,"featured_media":18,"parent":0,"menu_order":0,"comment_status":"closed","ping_status":"closed","template":"page-transparent-header.php","meta":{"footnotes":""},"class_list":["post-412","page","type-page","status-publish","has-post-thumbnail","hentry"],"yoast_head":"<!-- This site is optimized with the Yoast SEO plugin v26.8 - https:\/\/yoast.com\/product\/yoast-seo-wordpress\/ -->\n<title>\u00c7al\u0131\u015ft\u0131\u011f\u0131m\u0131z Kurumlar - BSR Savunma Sanayi<\/title>\n<meta name=\"robots\" content=\"index, follow, max-snippet:-1, max-image-preview:large, max-video-preview:-1\" \/>\n<link rel=\"canonical\" href=\"https:\/\/www.bsrsavunma.com.tr\/?page_id=412\" \/>\n<meta property=\"og:locale\" content=\"tr_TR\" \/>\n<meta property=\"og:type\" content=\"article\" \/>\n<meta property=\"og:title\" content=\"\u00c7al\u0131\u015ft\u0131\u011f\u0131m\u0131z Kurumlar - BSR Savunma Sanayi\" \/>\n<meta property=\"og:url\" content=\"https:\/\/www.bsrsavunma.com.tr\/?page_id=412\" \/>\n<meta property=\"og:site_name\" content=\"BSR Savunma Sanayi\" \/>\n<meta property=\"article:modified_time\" content=\"2026-01-27T01:06:04+00:00\" \/>\n<meta property=\"og:image\" content=\"https:\/\/www.bsrsavunma.com.tr\/wp-content\/uploads\/2016\/08\/dummy-1.jpg\" \/>\n\t<meta property=\"og:image:width\" content=\"400\" \/>\n\t<meta property=\"og:image:height\" content=\"260\" \/>\n\t<meta property=\"og:image:type\" content=\"image\/jpeg\" \/>\n<meta name=\"twitter:card\" content=\"summary_large_image\" \/>\n<meta name=\"twitter:label1\" content=\"Tahmini okuma s\u00fcresi\" \/>\n\t<meta name=\"twitter:data1\" content=\"2 dakika\" \/>\n<script type=\"application\/ld+json\" class=\"yoast-schema-graph\">{\"@context\":\"https:\/\/schema.org\",\"@graph\":[{\"@type\":\"WebPage\",\"@id\":\"https:\/\/www.bsrsavunma.com.tr\/?page_id=412\",\"url\":\"https:\/\/www.bsrsavunma.com.tr\/?page_id=412\",\"name\":\"\u00c7al\u0131\u015ft\u0131\u011f\u0131m\u0131z Kurumlar - BSR Savunma Sanayi\",\"isPartOf\":{\"@id\":\"https:\/\/www.bsrsavunma.com.tr\/#website\"},\"primaryImageOfPage\":{\"@id\":\"https:\/\/www.bsrsavunma.com.tr\/?page_id=412#primaryimage\"},\"image\":{\"@id\":\"https:\/\/www.bsrsavunma.com.tr\/?page_id=412#primaryimage\"},\"thumbnailUrl\":\"https:\/\/www.bsrsavunma.com.tr\/wp-content\/uploads\/2016\/08\/dummy-1.jpg\",\"datePublished\":\"2026-01-27T01:04:10+00:00\",\"dateModified\":\"2026-01-27T01:06:04+00:00\",\"breadcrumb\":{\"@id\":\"https:\/\/www.bsrsavunma.com.tr\/?page_id=412#breadcrumb\"},\"inLanguage\":\"tr\",\"potentialAction\":[{\"@type\":\"ReadAction\",\"target\":[\"https:\/\/www.bsrsavunma.com.tr\/?page_id=412\"]}]},{\"@type\":\"ImageObject\",\"inLanguage\":\"tr\",\"@id\":\"https:\/\/www.bsrsavunma.com.tr\/?page_id=412#primaryimage\",\"url\":\"https:\/\/www.bsrsavunma.com.tr\/wp-content\/uploads\/2016\/08\/dummy-1.jpg\",\"contentUrl\":\"https:\/\/www.bsrsavunma.com.tr\/wp-content\/uploads\/2016\/08\/dummy-1.jpg\",\"width\":400,\"height\":260},{\"@type\":\"BreadcrumbList\",\"@id\":\"https:\/\/www.bsrsavunma.com.tr\/?page_id=412#breadcrumb\",\"itemListElement\":[{\"@type\":\"ListItem\",\"position\":1,\"name\":\"Home\",\"item\":\"https:\/\/www.bsrsavunma.com.tr\/\"},{\"@type\":\"ListItem\",\"position\":2,\"name\":\"\u00c7al\u0131\u015ft\u0131\u011f\u0131m\u0131z Kurumlar\"}]},{\"@type\":\"WebSite\",\"@id\":\"https:\/\/www.bsrsavunma.com.tr\/#website\",\"url\":\"https:\/\/www.bsrsavunma.com.tr\/\",\"name\":\"BSR Savunma Sanayi\",\"description\":\"\",\"potentialAction\":[{\"@type\":\"SearchAction\",\"target\":{\"@type\":\"EntryPoint\",\"urlTemplate\":\"https:\/\/www.bsrsavunma.com.tr\/?s={search_term_string}\"},\"query-input\":{\"@type\":\"PropertyValueSpecification\",\"valueRequired\":true,\"valueName\":\"search_term_string\"}}],\"inLanguage\":\"tr\"}]}<\/script>\n<!-- \/ Yoast SEO plugin. -->","yoast_head_json":{"title":"\u00c7al\u0131\u015ft\u0131\u011f\u0131m\u0131z Kurumlar - BSR Savunma Sanayi","robots":{"index":"index","follow":"follow","max-snippet":"max-snippet:-1","max-image-preview":"max-image-preview:large","max-video-preview":"max-video-preview:-1"},"canonical":"https:\/\/www.bsrsavunma.com.tr\/?page_id=412","og_locale":"tr_TR","og_type":"article","og_title":"\u00c7al\u0131\u015ft\u0131\u011f\u0131m\u0131z Kurumlar - BSR Savunma Sanayi","og_url":"https:\/\/www.bsrsavunma.com.tr\/?page_id=412","og_site_name":"BSR Savunma Sanayi","article_modified_time":"2026-01-27T01:06:04+00:00","og_image":[{"width":400,"height":260,"url":"https:\/\/www.bsrsavunma.com.tr\/wp-content\/uploads\/2016\/08\/dummy-1.jpg","type":"image\/jpeg"}],"twitter_card":"summary_large_image","twitter_misc":{"Tahmini okuma s\u00fcresi":"2 dakika"},"schema":{"@context":"https:\/\/schema.org","@graph":[{"@type":"WebPage","@id":"https:\/\/www.bsrsavunma.com.tr\/?page_id=412","url":"https:\/\/www.bsrsavunma.com.tr\/?page_id=412","name":"\u00c7al\u0131\u015ft\u0131\u011f\u0131m\u0131z Kurumlar - BSR Savunma Sanayi","isPartOf":{"@id":"https:\/\/www.bsrsavunma.com.tr\/#website"},"primaryImageOfPage":{"@id":"https:\/\/www.bsrsavunma.com.tr\/?page_id=412#primaryimage"},"image":{"@id":"https:\/\/www.bsrsavunma.com.tr\/?page_id=412#primaryimage"},"thumbnailUrl":"https:\/\/www.bsrsavunma.com.tr\/wp-content\/uploads\/2016\/08\/dummy-1.jpg","datePublished":"2026-01-27T01:04:10+00:00","dateModified":"2026-01-27T01:06:04+00:00","breadcrumb":{"@id":"https:\/\/www.bsrsavunma.com.tr\/?page_id=412#breadcrumb"},"inLanguage":"tr","potentialAction":[{"@type":"ReadAction","target":["https:\/\/www.bsrsavunma.com.tr\/?page_id=412"]}]},{"@type":"ImageObject","inLanguage":"tr","@id":"https:\/\/www.bsrsavunma.com.tr\/?page_id=412#primaryimage","url":"https:\/\/www.bsrsavunma.com.tr\/wp-content\/uploads\/2016\/08\/dummy-1.jpg","contentUrl":"https:\/\/www.bsrsavunma.com.tr\/wp-content\/uploads\/2016\/08\/dummy-1.jpg","width":400,"height":260},{"@type":"BreadcrumbList","@id":"https:\/\/www.bsrsavunma.com.tr\/?page_id=412#breadcrumb","itemListElement":[{"@type":"ListItem","position":1,"name":"Home","item":"https:\/\/www.bsrsavunma.com.tr\/"},{"@type":"ListItem","position":2,"name":"\u00c7al\u0131\u015ft\u0131\u011f\u0131m\u0131z Kurumlar"}]},{"@type":"WebSite","@id":"https:\/\/www.bsrsavunma.com.tr\/#website","url":"https:\/\/www.bsrsavunma.com.tr\/","name":"BSR Savunma Sanayi","description":"","potentialAction":[{"@type":"SearchAction","target":{"@type":"EntryPoint","urlTemplate":"https:\/\/www.bsrsavunma.com.tr\/?s={search_term_string}"},"query-input":{"@type":"PropertyValueSpecification","valueRequired":true,"valueName":"search_term_string"}}],"inLanguage":"tr"}]}},"_links":{"self":[{"href":"https:\/\/www.bsrsavunma.com.tr\/index.php?rest_route=\/wp\/v2\/pages\/412","targetHints":{"allow":["GET"]}}],"collection":[{"href":"https:\/\/www.bsrsavunma.com.tr\/index.php?rest_route=\/wp\/v2\/pages"}],"about":[{"href":"https:\/\/www.bsrsavunma.com.tr\/index.php?rest_route=\/wp\/v2\/types\/page"}],"author":[{"embeddable":true,"href":"https:\/\/www.bsrsavunma.com.tr\/index.php?rest_route=\/wp\/v2\/users\/1"}],"replies":[{"embeddable":true,"href":"https:\/\/www.bsrsavunma.com.tr\/index.php?rest_route=%2Fwp%2Fv2%2Fcomments&post=412"}],"version-history":[{"count":2,"href":"https:\/\/www.bsrsavunma.com.tr\/index.php?rest_route=\/wp\/v2\/pages\/412\/revisions"}],"predecessor-version":[{"id":414,"href":"https:\/\/www.bsrsavunma.com.tr\/index.php?rest_route=\/wp\/v2\/pages\/412\/revisions\/414"}],"wp:featuredmedia":[{"embeddable":true,"href":"https:\/\/www.bsrsavunma.com.tr\/index.php?rest_route=\/wp\/v2\/media\/18"}],"wp:attachment":[{"href":"https:\/\/www.bsrsavunma.com.tr\/index.php?rest_route=%2Fwp%2Fv2%2Fmedia&parent=412"}],"curies":[{"name":"wp","href":"https:\/\/api.w.org\/{rel}","templated":true}]}}